{"id":477,"date":"2022-04-01T21:47:41","date_gmt":"2022-04-01T21:47:41","guid":{"rendered":"https:\/\/qodao.vision\/constellation\/?page_id=477"},"modified":"2025-05-14T11:00:47","modified_gmt":"2025-05-14T11:00:47","slug":"decouvrir-qodao","status":"publish","type":"page","link":"https:\/\/qodao.vision\/constellation\/","title":{"rendered":"Exp\u00e9rimentez la magie de QODAO\u00ae avec un de vos enjeux"},"content":{"rendered":"\n[et_pb_section fb_built=\u00a0\u00bb1&Prime; fullwidth=\u00a0\u00bbon\u00a0\u00bb _builder_version=\u00a0\u00bb4.16&Prime; _module_preset=\u00a0\u00bbdefault\u00a0\u00bb module_alignment=\u00a0\u00bbcenter\u00a0\u00bb da_disable_devices=\u00a0\u00bboff|off|off\u00a0\u00bb global_colors_info=\u00a0\u00bb{}\u00a0\u00bb da_is_popup=\u00a0\u00bboff\u00a0\u00bb da_exit_intent=\u00a0\u00bboff\u00a0\u00bb da_has_close=\u00a0\u00bbon\u00a0\u00bb da_alt_close=\u00a0\u00bboff\u00a0\u00bb da_dark_close=\u00a0\u00bboff\u00a0\u00bb da_not_modal=\u00a0\u00bbon\u00a0\u00bb da_is_singular=\u00a0\u00bboff\u00a0\u00bb da_with_loader=\u00a0\u00bboff\u00a0\u00bb da_has_shadow=\u00a0\u00bbon\u00a0\u00bb][et_pb_fullwidth_header title=\u00a0\u00bbDe l&rsquo;ind\u00e9cision \u00e0 l&rsquo;\u00e9vidence&#8230;\u00a0\u00bb _builder_version=\u00a0\u00bb4.16&Prime; _module_preset=\u00a0\u00bbdefault\u00a0\u00bb background_color=\u00a0\u00bb#23aaa6&Prime; module_alignment=\u00a0\u00bbcenter\u00a0\u00bb custom_margin=\u00a0\u00bb1px||||false|false\u00a0\u00bb custom_padding=\u00a0\u00bb10px|1px|5px|1px|false|false\u00a0\u00bb custom_css_title=\u00a0\u00bb||text-align:center;\u00a0\u00bb global_colors_info=\u00a0\u00bb{}\u00a0\u00bb][\/et_pb_fullwidth_header][\/et_pb_section][et_pb_section fb_built=\u00a0\u00bb1&Prime; _builder_version=\u00a0\u00bb4.16&Prime; _module_preset=\u00a0\u00bbdefault\u00a0\u00bb background_color=\u00a0\u00bbrgba(0,0,0,0)\u00a0\u00bb custom_padding=\u00a0\u00bb6px||40px|||\u00a0\u00bb da_disable_devices=\u00a0\u00bboff|off|off\u00a0\u00bb global_colors_info=\u00a0\u00bb{}\u00a0\u00bb da_is_popup=\u00a0\u00bboff\u00a0\u00bb da_exit_intent=\u00a0\u00bboff\u00a0\u00bb da_has_close=\u00a0\u00bbon\u00a0\u00bb da_alt_close=\u00a0\u00bboff\u00a0\u00bb da_dark_close=\u00a0\u00bboff\u00a0\u00bb da_not_modal=\u00a0\u00bbon\u00a0\u00bb da_is_singular=\u00a0\u00bboff\u00a0\u00bb da_with_loader=\u00a0\u00bboff\u00a0\u00bb da_has_shadow=\u00a0\u00bbon\u00a0\u00bb][et_pb_row _builder_version=\u00a0\u00bb4.16&Prime; _module_preset=\u00a0\u00bbdefault\u00a0\u00bb custom_padding=\u00a0\u00bb||15px|||\u00a0\u00bb global_colors_info=\u00a0\u00bb{}\u00a0\u00bb][et_pb_column type=\u00a0\u00bb4_4&Prime; _builder_version=\u00a0\u00bb4.16&Prime; _module_preset=\u00a0\u00bbdefault\u00a0\u00bb global_colors_info=\u00a0\u00bb{}\u00a0\u00bb][et_pb_text _builder_version=\u00a0\u00bb4.18.1&Prime; _module_preset=\u00a0\u00bbdefault\u00a0\u00bb text_font=\u00a0\u00bb||||||||\u00a0\u00bb text_text_color=\u00a0\u00bb#b3256d\u00a0\u00bb header_font=\u00a0\u00bbAlatsi||||||||\u00a0\u00bb header_text_color=\u00a0\u00bb#ffffff\u00a0\u00bb header_font_size=\u00a0\u00bb46px\u00a0\u00bb header_line_height=\u00a0\u00bb1.2em\u00a0\u00bb header_2_font=\u00a0\u00bbAlatsi||||||||\u00a0\u00bb header_2_text_color=\u00a0\u00bb#ffffff\u00a0\u00bb header_2_font_size=\u00a0\u00bb38px\u00a0\u00bb header_2_line_height=\u00a0\u00bb1.2em\u00a0\u00bb custom_margin=\u00a0\u00bb||14px|||\u00a0\u00bb global_colors_info=\u00a0\u00bb{}\u00a0\u00bb]<h2 style=\"text-align: center;\">Une S\u00e9ance \u00ab\u00a0QODAO Smart\u00a0\u00bb\u00a0 pour vous \u00e9clairer sur <br \/>votre plus <span style=\"color: #e0bd4c;\">GRAND questionnement ou enjeu actuel&#8230;<\/span><em><br \/><\/em><\/h2>\n<p><span style=\"color: #e0bd4c;\"><strong><\/strong><\/span><\/p>[\/et_pb_text][et_pb_text _builder_version=\u00a0\u00bb4.18.0&Prime; _module_preset=\u00a0\u00bbdefault\u00a0\u00bb header_2_font=\u00a0\u00bb||||||||\u00a0\u00bb header_2_text_color=\u00a0\u00bb#FFFFFF\u00a0\u00bb header_2_font_size=\u00a0\u00bb28px\u00a0\u00bb global_colors_info=\u00a0\u00bb{}\u00a0\u00bb]<h2 style=\"text-align: center;\">&#8230;de mani\u00e8re rapide, puissante et aff\u00fbt\u00e9e.<\/h2>[\/et_pb_text][et_pb_text module_class=\u00a0\u00bbmybulletswhite\u00a0\u00bb _builder_version=\u00a0\u00bb4.27.4&Prime; _module_preset=\u00a0\u00bbdefault\u00a0\u00bb text_text_color=\u00a0\u00bb#FFFFFF\u00a0\u00bb text_font_size=\u00a0\u00bb16px\u00a0\u00bb custom_margin=\u00a0\u00bb35px|||20px|false|false\u00a0\u00bb global_colors_info=\u00a0\u00bb{}\u00a0\u00bb]<ul>\n<li>Vous traversez actuellement une <strong>difficult\u00e9 que vous voulez d\u00e9passer ?<\/strong><\/li>\n<li>Vous voulez \u00e9viter toute d\u00e9cision regrettable ?<\/li>\n<li>Vous ne voulez <strong>plus jamais qu&rsquo;une ind\u00e9cision<\/strong> vous ronge jour apr\u00e8s jour ?<\/li>\n<li>Vous avez conscience que les gens qui r\u00e9ussissent le mieux, ont une capacit\u00e9 \u00e0 d\u00e9cider VITE et BIEN ?<\/li>\n<\/ul>[\/et_pb_text][et_pb_image src=\u00a0\u00bbhttps:\/\/qodao.vision\/constellation\/wp-content\/uploads\/2022\/10\/fleche_bas.png\u00a0\u00bb title_text=\u00a0\u00bbfleche_bas\u00a0\u00bb align=\u00a0\u00bbcenter\u00a0\u00bb _builder_version=\u00a0\u00bb4.18.0&Prime; _module_preset=\u00a0\u00bbdefault\u00a0\u00bb max_height=\u00a0\u00bb70px\u00a0\u00bb custom_margin=\u00a0\u00bb-25px||||false|false\u00a0\u00bb global_colors_info=\u00a0\u00bb{}\u00a0\u00bb][\/et_pb_image][et_pb_text _builder_version=\u00a0\u00bb4.18.0&Prime; _module_preset=\u00a0\u00bbdefault\u00a0\u00bb header_2_font=\u00a0\u00bb|600||||on|||\u00a0\u00bb header_2_text_align=\u00a0\u00bbcenter\u00a0\u00bb header_2_text_color=\u00a0\u00bb#23AAA6&Prime; header_2_font_size=\u00a0\u00bb28px\u00a0\u00bb header_2_line_height=\u00a0\u00bb1.2em\u00a0\u00bb global_colors_info=\u00a0\u00bb{}\u00a0\u00bb]<h2>Imaginez AINSI ce que cela peut changer dans votre vie\/projet <br \/>de pouvoir toujours d\u00e9cider VITE et BIEN&#8230;<\/h2>[\/et_pb_text][et_pb_image src=\u00a0\u00bbhttps:\/\/qodao.vision\/constellation\/wp-content\/uploads\/2022\/10\/fleche_bas.png\u00a0\u00bb title_text=\u00a0\u00bbfleche_bas\u00a0\u00bb align=\u00a0\u00bbcenter\u00a0\u00bb _builder_version=\u00a0\u00bb4.18.0&Prime; _module_preset=\u00a0\u00bbdefault\u00a0\u00bb max_height=\u00a0\u00bb70px\u00a0\u00bb global_colors_info=\u00a0\u00bb{}\u00a0\u00bb][\/et_pb_image][\/et_pb_column][\/et_pb_row][et_pb_row _builder_version=\u00a0\u00bb4.16&Prime; _module_preset=\u00a0\u00bbdefault\u00a0\u00bb custom_padding=\u00a0\u00bb||0px|||\u00a0\u00bb global_colors_info=\u00a0\u00bb{}\u00a0\u00bb][et_pb_column type=\u00a0\u00bb4_4&Prime; _builder_version=\u00a0\u00bb4.16&Prime; _module_preset=\u00a0\u00bbdefault\u00a0\u00bb background_color=\u00a0\u00bbrgba(255,255,255,0.9)\u00a0\u00bb custom_padding=\u00a0\u00bb10px|10px|10px|10px|false|false\u00a0\u00bb border_radii=\u00a0\u00bbon|10px|10px|10px|10px\u00a0\u00bb global_colors_info=\u00a0\u00bb{}\u00a0\u00bb][et_pb_text _builder_version=\u00a0\u00bb4.18.0&Prime; _module_preset=\u00a0\u00bbdefault\u00a0\u00bb header_text_align=\u00a0\u00bbcenter\u00a0\u00bb header_font_size=\u00a0\u00bb35px\u00a0\u00bb header_2_font_size=\u00a0\u00bb35px\u00a0\u00bb header_4_font=\u00a0\u00bb|||||on|||\u00a0\u00bb header_4_text_color=\u00a0\u00bb#23AAA6&Prime; header_4_font_size=\u00a0\u00bb20px\u00a0\u00bb custom_margin=\u00a0\u00bb22px|||||\u00a0\u00bb global_colors_info=\u00a0\u00bb{}\u00a0\u00bb]<h2 style=\"text-align: center;\"><strong>Explorez maintenant <\/strong><strong>QODAO\u00ae : <\/strong><\/h2>\n<h2 style=\"text-align: center;\"><strong>l&rsquo;instrument des d\u00e9cideurs de G\u00c9NIE.<\/strong><\/h2>\n<h4 style=\"text-align: center;\"><\/h4>[\/et_pb_text][et_pb_text _builder_version=\u00a0\u00bb4.27.4&Prime; _module_preset=\u00a0\u00bbdefault\u00a0\u00bb header_text_align=\u00a0\u00bbcenter\u00a0\u00bb header_font_size=\u00a0\u00bb35px\u00a0\u00bb header_2_font_size=\u00a0\u00bb35px\u00a0\u00bb header_4_font=\u00a0\u00bb|||||on|||\u00a0\u00bb header_4_text_color=\u00a0\u00bb#23AAA6&Prime; header_4_font_size=\u00a0\u00bb20px\u00a0\u00bb custom_margin=\u00a0\u00bb22px|||||\u00a0\u00bb global_colors_info=\u00a0\u00bb{}\u00a0\u00bb]<h2 style=\"text-align: center;\"><\/h2>\n<h4 style=\"text-align: center;\"><strong>ZERO risque n\u00e9gatif &#8211; 100% de risque positif !<br \/>R\u00e9servez votre s\u00e9ance d\u00e9couverte (dur\u00e9e 45min)<\/strong><\/h4>[\/et_pb_text][et_pb_code _builder_version=\u00a0\u00bb4.21.0&Prime; _module_preset=\u00a0\u00bbdefault\u00a0\u00bb module_alignment=\u00a0\u00bbcenter\u00a0\u00bb custom_margin=\u00a0\u00bb|auto||auto|false|false\u00a0\u00bb global_colors_info=\u00a0\u00bb{}\u00a0\u00bb]<div align=\"center\"><!-- [et_pb_line_break_holder] -->  <!-- SymbioteK iframe --><iframe src=\"https:\/\/symbiotek.io\/suite\/symbiobooking\/lereveuringenieux?iframe=1&#038;staff=5\" style=\"max-width:1001px;height:600px;width: 100%;\"><\/iframe><!-- SymbioteK iframe --><\/div>[\/et_pb_code][\/et_pb_column][\/et_pb_row][et_pb_row _builder_version=\u00a0\u00bb4.16&Prime; _module_preset=\u00a0\u00bbdefault\u00a0\u00bb global_colors_info=\u00a0\u00bb{}\u00a0\u00bb][et_pb_column type=\u00a0\u00bb4_4&Prime; _builder_version=\u00a0\u00bb4.16&Prime; _module_preset=\u00a0\u00bbdefault\u00a0\u00bb global_colors_info=\u00a0\u00bb{}\u00a0\u00bb][\/et_pb_column][\/et_pb_row][et_pb_row _builder_version=\u00a0\u00bb4.16&Prime; _module_preset=\u00a0\u00bbdefault\u00a0\u00bb global_colors_info=\u00a0\u00bb{}\u00a0\u00bb][et_pb_column type=\u00a0\u00bb4_4&Prime; _builder_version=\u00a0\u00bb4.16&Prime; _module_preset=\u00a0\u00bbdefault\u00a0\u00bb global_colors_info=\u00a0\u00bb{}\u00a0\u00bb][et_pb_text _builder_version=\u00a0\u00bb4.16.0&Prime; _module_preset=\u00a0\u00bbdefault\u00a0\u00bb text_font=\u00a0\u00bb|600|||||||\u00a0\u00bb text_text_color=\u00a0\u00bb#E0BD4C\u00a0\u00bb text_font_size=\u00a0\u00bb22px\u00a0\u00bb header_font=\u00a0\u00bb|600|||||||\u00a0\u00bb text_orientation=\u00a0\u00bbcenter\u00a0\u00bb global_colors_info=\u00a0\u00bb{}\u00a0\u00bb]<p>OU<\/p>[\/et_pb_text][et_pb_text _builder_version=\u00a0\u00bb4.18.0&Prime; _module_preset=\u00a0\u00bbdefault\u00a0\u00bb header_text_align=\u00a0\u00bbcenter\u00a0\u00bb header_font_size=\u00a0\u00bb35px\u00a0\u00bb header_line_height=\u00a0\u00bb1.2em\u00a0\u00bb header_2_text_color=\u00a0\u00bb#FFFFFF\u00a0\u00bb header_2_font_size=\u00a0\u00bb35px\u00a0\u00bb header_2_line_height=\u00a0\u00bb1.2em\u00a0\u00bb custom_margin=\u00a0\u00bb3px|||||\u00a0\u00bb global_colors_info=\u00a0\u00bb{}\u00a0\u00bb]<h2 style=\"text-align: center;\"><strong>D\u00e9couvrez les derniers t\u00e9moignages&#8230;<br \/><\/strong><\/h2>[\/et_pb_text][\/et_pb_column][\/et_pb_row][et_pb_row column_structure=\u00a0\u00bb1_2,1_2&Prime; _builder_version=\u00a0\u00bb4.16.0&Prime; _module_preset=\u00a0\u00bbdefault\u00a0\u00bb global_colors_info=\u00a0\u00bb{}\u00a0\u00bb][et_pb_column type=\u00a0\u00bb1_2&Prime; _builder_version=\u00a0\u00bb4.16.0&Prime; _module_preset=\u00a0\u00bbdefault\u00a0\u00bb global_colors_info=\u00a0\u00bb{}\u00a0\u00bb][et_pb_video src=\u00a0\u00bbhttps:\/\/youtu.be\/cc0m8THIr3M\u00a0\u00bb _builder_version=\u00a0\u00bb4.18.1&Prime; _module_preset=\u00a0\u00bbdefault\u00a0\u00bb locked=\u00a0\u00bboff\u00a0\u00bb global_colors_info=\u00a0\u00bb{}\u00a0\u00bb][\/et_pb_video][\/et_pb_column][et_pb_column type=\u00a0\u00bb1_2&Prime; _builder_version=\u00a0\u00bb4.16.0&Prime; _module_preset=\u00a0\u00bbdefault\u00a0\u00bb global_colors_info=\u00a0\u00bb{}\u00a0\u00bb][et_pb_video src=\u00a0\u00bbhttps:\/\/youtu.be\/ovSfR0VpPJQ\u00a0\u00bb _builder_version=\u00a0\u00bb4.18.1&Prime; _module_preset=\u00a0\u00bbdefault\u00a0\u00bb global_colors_info=\u00a0\u00bb{}\u00a0\u00bb][\/et_pb_video][\/et_pb_column][\/et_pb_row][et_pb_row column_structure=\u00a0\u00bb1_2,1_2&Prime; _builder_version=\u00a0\u00bb4.16.0&Prime; _module_preset=\u00a0\u00bbdefault\u00a0\u00bb global_colors_info=\u00a0\u00bb{}\u00a0\u00bb][et_pb_column type=\u00a0\u00bb1_2&Prime; _builder_version=\u00a0\u00bb4.16.0&Prime; _module_preset=\u00a0\u00bbdefault\u00a0\u00bb global_colors_info=\u00a0\u00bb{}\u00a0\u00bb][et_pb_video src=\u00a0\u00bbhttps:\/\/youtu.be\/ZRgpckUvG3A\u00a0\u00bb _builder_version=\u00a0\u00bb4.18.0&Prime; _module_preset=\u00a0\u00bbdefault\u00a0\u00bb locked=\u00a0\u00bboff\u00a0\u00bb global_colors_info=\u00a0\u00bb{}\u00a0\u00bb][\/et_pb_video][\/et_pb_column][et_pb_column type=\u00a0\u00bb1_2&Prime; _builder_version=\u00a0\u00bb4.16.0&Prime; _module_preset=\u00a0\u00bbdefault\u00a0\u00bb global_colors_info=\u00a0\u00bb{}\u00a0\u00bb][et_pb_video src=\u00a0\u00bbhttps:\/\/www.youtube.com\/watch?v=X2QOz0MGZq8&Prime; _builder_version=\u00a0\u00bb4.18.0&Prime; _module_preset=\u00a0\u00bbdefault\u00a0\u00bb global_colors_info=\u00a0\u00bb{}\u00a0\u00bb][\/et_pb_video][\/et_pb_column][\/et_pb_row][et_pb_row column_structure=\u00a0\u00bb1_2,1_2&Prime; _builder_version=\u00a0\u00bb4.16.0&Prime; _module_preset=\u00a0\u00bbdefault\u00a0\u00bb global_colors_info=\u00a0\u00bb{}\u00a0\u00bb][et_pb_column type=\u00a0\u00bb1_2&Prime; _builder_version=\u00a0\u00bb4.16.0&Prime; _module_preset=\u00a0\u00bbdefault\u00a0\u00bb global_colors_info=\u00a0\u00bb{}\u00a0\u00bb][et_pb_video src=\u00a0\u00bbhttps:\/\/youtu.be\/2Pd8z0Pcu48&Prime; _builder_version=\u00a0\u00bb4.17.0&Prime; _module_preset=\u00a0\u00bbdefault\u00a0\u00bb locked=\u00a0\u00bboff\u00a0\u00bb global_colors_info=\u00a0\u00bb{}\u00a0\u00bb][\/et_pb_video][\/et_pb_column][et_pb_column type=\u00a0\u00bb1_2&Prime; _builder_version=\u00a0\u00bb4.16.0&Prime; _module_preset=\u00a0\u00bbdefault\u00a0\u00bb global_colors_info=\u00a0\u00bb{}\u00a0\u00bb][et_pb_video src=\u00a0\u00bbhttps:\/\/youtu.be\/CHvSbyvVABo\u00a0\u00bb _builder_version=\u00a0\u00bb4.16.0&Prime; _module_preset=\u00a0\u00bbdefault\u00a0\u00bb global_colors_info=\u00a0\u00bb{}\u00a0\u00bb][\/et_pb_video][\/et_pb_column][\/et_pb_row][et_pb_row column_structure=\u00a0\u00bb1_2,1_2&Prime; _builder_version=\u00a0\u00bb4.16.0&Prime; _module_preset=\u00a0\u00bbdefault\u00a0\u00bb global_colors_info=\u00a0\u00bb{}\u00a0\u00bb][et_pb_column type=\u00a0\u00bb1_2&Prime; _builder_version=\u00a0\u00bb4.16.0&Prime; _module_preset=\u00a0\u00bbdefault\u00a0\u00bb global_colors_info=\u00a0\u00bb{}\u00a0\u00bb][et_pb_image src=\u00a0\u00bbhttps:\/\/qodao.vision\/constellation\/wp-content\/uploads\/2020\/12\/Diapositive14-1.jpeg\u00a0\u00bb alt=\u00a0\u00bb100 clients par jour le parcours &#8211; temoignage_Simon_Caporossi &#8211; QODAO.vision\u00a0\u00bb title_text=\u00a0\u00bb100 clients par jour le parcours &#8211; temoignage_Simon_Caporossi &#8211; QODAO.vision\u00a0\u00bb _builder_version=\u00a0\u00bb4.16.0&Prime; _module_preset=\u00a0\u00bbdefault\u00a0\u00bb global_colors_info=\u00a0\u00bb{}\u00a0\u00bb][\/et_pb_image][\/et_pb_column][et_pb_column type=\u00a0\u00bb1_2&Prime; _builder_version=\u00a0\u00bb4.16.0&Prime; _module_preset=\u00a0\u00bbdefault\u00a0\u00bb global_colors_info=\u00a0\u00bb{}\u00a0\u00bb][et_pb_image src=\u00a0\u00bbhttps:\/\/qodao.vision\/constellation\/wp-content\/uploads\/2020\/12\/Diapositive13.jpeg\u00a0\u00bb alt=\u00a0\u00bb100 clients par jour le parcours &#8211; temoignage_Minako_Komatsu &#8211; QODAO.vision\u00a0\u00bb title_text=\u00a0\u00bb100 clients par jour le parcours &#8211; temoignage_Minako_Komatsu &#8211; QODAO.vision\u00a0\u00bb _builder_version=\u00a0\u00bb4.16.0&Prime; _module_preset=\u00a0\u00bbdefault\u00a0\u00bb global_colors_info=\u00a0\u00bb{}\u00a0\u00bb][\/et_pb_image][\/et_pb_column][\/et_pb_row][et_pb_row column_structure=\u00a0\u00bb1_2,1_2&Prime; _builder_version=\u00a0\u00bb4.16.0&Prime; _module_preset=\u00a0\u00bbdefault\u00a0\u00bb global_colors_info=\u00a0\u00bb{}\u00a0\u00bb][et_pb_column type=\u00a0\u00bb1_2&Prime; _builder_version=\u00a0\u00bb4.16.0&Prime; _module_preset=\u00a0\u00bbdefault\u00a0\u00bb global_colors_info=\u00a0\u00bb{}\u00a0\u00bb][et_pb_image src=\u00a0\u00bbhttps:\/\/qodao.vision\/constellation\/wp-content\/uploads\/2022\/03\/temoignages_QODAO_1.png\u00a0\u00bb title_text=\u00a0\u00bbtemoignages_QODAO_1&Prime; _builder_version=\u00a0\u00bb4.16.0&Prime; _module_preset=\u00a0\u00bbdefault\u00a0\u00bb global_colors_info=\u00a0\u00bb{}\u00a0\u00bb][\/et_pb_image][\/et_pb_column][et_pb_column type=\u00a0\u00bb1_2&Prime; _builder_version=\u00a0\u00bb4.16.0&Prime; _module_preset=\u00a0\u00bbdefault\u00a0\u00bb global_colors_info=\u00a0\u00bb{}\u00a0\u00bb][\/et_pb_column][\/et_pb_row][\/et_pb_section]\n","protected":false},"excerpt":{"rendered":"<p>Une S\u00e9ance \u00ab\u00a0QODAO Smart\u00a0\u00bb\u00a0 pour vous \u00e9clairer sur votre plus GRAND questionnement ou enjeu actuel&#8230; &#8230;de mani\u00e8re rapide, puissante et aff\u00fbt\u00e9e. Vous traversez actuellement une difficult\u00e9 que vous voulez d\u00e9passer ? Vous voulez \u00e9viter toute d\u00e9cision regrettable ? Vous ne voulez plus jamais qu&rsquo;une ind\u00e9cision vous ronge jour apr\u00e8s jour ? Vous avez conscience que [&hellip;]<\/p>\n","protected":false},"author":2,"featured_media":487,"parent":0,"menu_order":0,"comment_status":"closed","ping_status":"closed","template":"","meta":{"_et_pb_use_builder":"on","_et_pb_old_content":"","_et_gb_content_width":"","footnotes":""},"class_list":["post-477","page","type-page","status-publish","has-post-thumbnail","hentry"],"yoast_head":"<!-- This site is optimized with the Yoast SEO plugin v27.5 - https:\/\/yoast.com\/product\/yoast-seo-wordpress\/ -->\n<title>Exp\u00e9rimentez la magie de QODAO\u00ae avec un de vos enjeux<\/title>\n<meta name=\"description\" content=\"Venez avec votre plus GRAND ENJEU entrepreneurial. Passons d&#039;un Questionnement \u00e0 une \u00e9vidence avec la puissance aff\u00fbt\u00e9e du processus QODAO\" \/>\n<meta name=\"robots\" content=\"index, follow, max-snippet:-1, max-image-preview:large, max-video-preview:-1\" \/>\n<link rel=\"canonical\" href=\"https:\/\/qodao.vision\/constellation\/\" \/>\n<meta property=\"og:locale\" content=\"fr_FR\" \/>\n<meta property=\"og:type\" content=\"article\" \/>\n<meta property=\"og:title\" content=\"En savoir plus sur QODAO en appelant un expert...\" \/>\n<meta property=\"og:description\" content=\"Pour confirmer que QODAO peut vraiment vous aider dans vos objectifs et vos enjeux majeurs, r\u00e9servez maintenant un appel avec un expert QODAO.\" \/>\n<meta property=\"og:url\" content=\"https:\/\/qodao.vision\/constellation\/\" \/>\n<meta property=\"og:site_name\" content=\"QODAO\" \/>\n<meta property=\"article:modified_time\" content=\"2025-05-14T11:00:47+00:00\" \/>\n<meta property=\"og:image\" content=\"https:\/\/qodao.vision\/constellation\/wp-content\/uploads\/2022\/04\/GOOD_logo_seul_bleu.png\" \/>\n\t<meta property=\"og:image:width\" content=\"300\" \/>\n\t<meta property=\"og:image:height\" content=\"300\" \/>\n\t<meta property=\"og:image:type\" content=\"image\/png\" \/>\n<meta name=\"twitter:card\" content=\"summary_large_image\" \/>\n<meta name=\"twitter:label1\" content=\"Dur\u00e9e de lecture estim\u00e9e\" \/>\n\t<meta name=\"twitter:data1\" content=\"2 minutes\" \/>\n<script type=\"application\/ld+json\" class=\"yoast-schema-graph\">{\"@context\":\"https:\\\/\\\/schema.org\",\"@graph\":[{\"@type\":\"WebPage\",\"@id\":\"https:\\\/\\\/qodao.vision\\\/constellation\\\/\",\"url\":\"https:\\\/\\\/qodao.vision\\\/constellation\\\/\",\"name\":\"Exp\u00e9rimentez la magie de QODAO\u00ae avec un de vos enjeux\",\"isPartOf\":{\"@id\":\"https:\\\/\\\/qodao.vision\\\/constellation\\\/#website\"},\"primaryImageOfPage\":{\"@id\":\"https:\\\/\\\/qodao.vision\\\/constellation\\\/#primaryimage\"},\"image\":{\"@id\":\"https:\\\/\\\/qodao.vision\\\/constellation\\\/#primaryimage\"},\"thumbnailUrl\":\"https:\\\/\\\/qodao.vision\\\/constellation\\\/wp-content\\\/uploads\\\/2022\\\/04\\\/GOOD_logo_seul_bleu.png\",\"datePublished\":\"2022-04-01T21:47:41+00:00\",\"dateModified\":\"2025-05-14T11:00:47+00:00\",\"description\":\"Venez avec votre plus GRAND ENJEU entrepreneurial. Passons d'un Questionnement \u00e0 une \u00e9vidence avec la puissance aff\u00fbt\u00e9e du processus QODAO\",\"breadcrumb\":{\"@id\":\"https:\\\/\\\/qodao.vision\\\/constellation\\\/#breadcrumb\"},\"inLanguage\":\"fr-FR\",\"potentialAction\":[{\"@type\":\"ReadAction\",\"target\":[\"https:\\\/\\\/qodao.vision\\\/constellation\\\/\"]}]},{\"@type\":\"ImageObject\",\"inLanguage\":\"fr-FR\",\"@id\":\"https:\\\/\\\/qodao.vision\\\/constellation\\\/#primaryimage\",\"url\":\"https:\\\/\\\/qodao.vision\\\/constellation\\\/wp-content\\\/uploads\\\/2022\\\/04\\\/GOOD_logo_seul_bleu.png\",\"contentUrl\":\"https:\\\/\\\/qodao.vision\\\/constellation\\\/wp-content\\\/uploads\\\/2022\\\/04\\\/GOOD_logo_seul_bleu.png\",\"width\":300,\"height\":300},{\"@type\":\"BreadcrumbList\",\"@id\":\"https:\\\/\\\/qodao.vision\\\/constellation\\\/#breadcrumb\",\"itemListElement\":[{\"@type\":\"ListItem\",\"position\":1,\"name\":\"Home\",\"item\":\"https:\\\/\\\/qodao.vision\\\/constellation\\\/\"},{\"@type\":\"ListItem\",\"position\":2,\"name\":\"Exp\u00e9rimentez la magie de QODAO\u00ae avec un de vos enjeux\"}]},{\"@type\":\"WebSite\",\"@id\":\"https:\\\/\\\/qodao.vision\\\/constellation\\\/#website\",\"url\":\"https:\\\/\\\/qodao.vision\\\/constellation\\\/\",\"name\":\"QODAO\",\"description\":\"Une destination certaine\",\"potentialAction\":[{\"@type\":\"SearchAction\",\"target\":{\"@type\":\"EntryPoint\",\"urlTemplate\":\"https:\\\/\\\/qodao.vision\\\/constellation\\\/?s={search_term_string}\"},\"query-input\":{\"@type\":\"PropertyValueSpecification\",\"valueRequired\":true,\"valueName\":\"search_term_string\"}}],\"inLanguage\":\"fr-FR\"}]}<\/script>\n<!-- \/ Yoast SEO plugin. -->","yoast_head_json":{"title":"Exp\u00e9rimentez la magie de QODAO\u00ae avec un de vos enjeux","description":"Venez avec votre plus GRAND ENJEU entrepreneurial. Passons d'un Questionnement \u00e0 une \u00e9vidence avec la puissance aff\u00fbt\u00e9e du processus QODAO","robots":{"index":"index","follow":"follow","max-snippet":"max-snippet:-1","max-image-preview":"max-image-preview:large","max-video-preview":"max-video-preview:-1"},"canonical":"https:\/\/qodao.vision\/constellation\/","og_locale":"fr_FR","og_type":"article","og_title":"En savoir plus sur QODAO en appelant un expert...","og_description":"Pour confirmer que QODAO peut vraiment vous aider dans vos objectifs et vos enjeux majeurs, r\u00e9servez maintenant un appel avec un expert QODAO.","og_url":"https:\/\/qodao.vision\/constellation\/","og_site_name":"QODAO","article_modified_time":"2025-05-14T11:00:47+00:00","og_image":[{"width":300,"height":300,"url":"https:\/\/qodao.vision\/constellation\/wp-content\/uploads\/2022\/04\/GOOD_logo_seul_bleu.png","type":"image\/png"}],"twitter_card":"summary_large_image","twitter_misc":{"Dur\u00e9e de lecture estim\u00e9e":"2 minutes"},"schema":{"@context":"https:\/\/schema.org","@graph":[{"@type":"WebPage","@id":"https:\/\/qodao.vision\/constellation\/","url":"https:\/\/qodao.vision\/constellation\/","name":"Exp\u00e9rimentez la magie de QODAO\u00ae avec un de vos enjeux","isPartOf":{"@id":"https:\/\/qodao.vision\/constellation\/#website"},"primaryImageOfPage":{"@id":"https:\/\/qodao.vision\/constellation\/#primaryimage"},"image":{"@id":"https:\/\/qodao.vision\/constellation\/#primaryimage"},"thumbnailUrl":"https:\/\/qodao.vision\/constellation\/wp-content\/uploads\/2022\/04\/GOOD_logo_seul_bleu.png","datePublished":"2022-04-01T21:47:41+00:00","dateModified":"2025-05-14T11:00:47+00:00","description":"Venez avec votre plus GRAND ENJEU entrepreneurial. Passons d'un Questionnement \u00e0 une \u00e9vidence avec la puissance aff\u00fbt\u00e9e du processus QODAO","breadcrumb":{"@id":"https:\/\/qodao.vision\/constellation\/#breadcrumb"},"inLanguage":"fr-FR","potentialAction":[{"@type":"ReadAction","target":["https:\/\/qodao.vision\/constellation\/"]}]},{"@type":"ImageObject","inLanguage":"fr-FR","@id":"https:\/\/qodao.vision\/constellation\/#primaryimage","url":"https:\/\/qodao.vision\/constellation\/wp-content\/uploads\/2022\/04\/GOOD_logo_seul_bleu.png","contentUrl":"https:\/\/qodao.vision\/constellation\/wp-content\/uploads\/2022\/04\/GOOD_logo_seul_bleu.png","width":300,"height":300},{"@type":"BreadcrumbList","@id":"https:\/\/qodao.vision\/constellation\/#breadcrumb","itemListElement":[{"@type":"ListItem","position":1,"name":"Home","item":"https:\/\/qodao.vision\/constellation\/"},{"@type":"ListItem","position":2,"name":"Exp\u00e9rimentez la magie de QODAO\u00ae avec un de vos enjeux"}]},{"@type":"WebSite","@id":"https:\/\/qodao.vision\/constellation\/#website","url":"https:\/\/qodao.vision\/constellation\/","name":"QODAO","description":"Une destination certaine","potentialAction":[{"@type":"SearchAction","target":{"@type":"EntryPoint","urlTemplate":"https:\/\/qodao.vision\/constellation\/?s={search_term_string}"},"query-input":{"@type":"PropertyValueSpecification","valueRequired":true,"valueName":"search_term_string"}}],"inLanguage":"fr-FR"}]}},"jetpack_sharing_enabled":true,"_links":{"self":[{"href":"https:\/\/qodao.vision\/constellation\/wp-json\/wp\/v2\/pages\/477","targetHints":{"allow":["GET"]}}],"collection":[{"href":"https:\/\/qodao.vision\/constellation\/wp-json\/wp\/v2\/pages"}],"about":[{"href":"https:\/\/qodao.vision\/constellation\/wp-json\/wp\/v2\/types\/page"}],"author":[{"embeddable":true,"href":"https:\/\/qodao.vision\/constellation\/wp-json\/wp\/v2\/users\/2"}],"replies":[{"embeddable":true,"href":"https:\/\/qodao.vision\/constellation\/wp-json\/wp\/v2\/comments?post=477"}],"version-history":[{"count":63,"href":"https:\/\/qodao.vision\/constellation\/wp-json\/wp\/v2\/pages\/477\/revisions"}],"predecessor-version":[{"id":813,"href":"https:\/\/qodao.vision\/constellation\/wp-json\/wp\/v2\/pages\/477\/revisions\/813"}],"wp:featuredmedia":[{"embeddable":true,"href":"https:\/\/qodao.vision\/constellation\/wp-json\/wp\/v2\/media\/487"}],"wp:attachment":[{"href":"https:\/\/qodao.vision\/constellation\/wp-json\/wp\/v2\/media?parent=477"}],"curies":[{"name":"wp","href":"https:\/\/api.w.org\/{rel}","templated":true}]}}